 2488?
2, 311
List the prime factors of 6442.
2, 3221
List the prime factors of 394.
2, 197
List the prime factors of 680.
2, 5, 17
What are the prime factors of 1097?
1097
List the prime factors of 29605.
5, 31, 191
List the prime factors of 28324.
2, 73, 97
What are the prime factors of 3899?
7, 557
What are the prime factors of 1378?
2, 13, 53
What are the prime factors of 2049?
3, 683
List the prime factors of 49.
7
List the prime factors of 18268.
2, 4567
List the prime factors of 790.
2, 5, 79
What are the prime factors of 199?
199
List the prime factors of 110.
2, 5, 11
List the prime factors of 1600.
2, 5
What are the prime factors of 686?
2, 7
What are the prime factors of 44719?
197, 227
What are the prime factors of 30113?
30113
List the prime factors of 147.
3, 7
List the prime factors of 4953.
3, 13, 127
What are the prime factors of 1400?
2, 5, 7
List the prime factors of 526.
2, 263
What are the prime factors of 35114?
2, 97, 181
List the prime factors of 12510.
2, 3, 5, 139
List the prime factors of 3016.
2, 13, 29
List the prime factors of 203.
7, 29
List the prime factors of 4257.
3, 11, 43
What are the prime factors of 84564?
2, 3, 29
List the prime factors of 2405.
5, 13, 37
What are the prime factors of 1630?
2, 5, 163
List the prime factors of 7211.
7211
List the prime factors of 5184.
2, 3
List the prime factors of 13199.
67, 197
List the prime factors of 11915.
5, 2383
What are the prime factors of 42077?
7, 6011
What are the prime factors of 6123?
3, 13, 157
What are the prime factors of 4086?
2, 3, 227
List the prime factors of 76749.
3, 25583
What are the prime factors of 554?
2, 277
List the prime factors of 1460.
2, 5, 73
List the prime factors of 1695.
3, 5, 113
What are the prime factors of 859?
859
List the prime factors of 477.
3, 53
What are the prime factors of 3149?
47, 67
What are the prime factors of 2575?
5, 103
List the prime factors of 85335.
3, 5, 5689
List the prime factors of 55724.
2, 13931
List the prime factors of 44838.
2, 3, 47, 53
What are the prime factors of 7619?
19, 401
What are the prime factors of 16784?
2, 1049
List the prime factors of 445.
5, 89
List the prime factors of 696.
2, 3, 29
List the prime factors of 19.
19
List the prime factors of 12151.
29, 419
List the prime factors of 3747.
3, 1249
List the prime factors of 43462.
2, 31, 701
List the prime factors of 2601.
3, 17
What are the prime factors of 1584?
2, 3, 11
List the prime factors of 8936.
2, 1117
What are the prime factors of 3872?
2, 11
What are the prime factors of 88171?
37, 2383
List the prime factors of 6327.
3, 19, 37
What are the prime factors of 3606?
2, 3, 601
What are the prime factors of 10076?
2, 11, 229
What are the prime factors of 77510?
2, 5, 23, 337
What are the prime factors of 15408?
2, 3, 107
List the prime factors of 3483.
3, 43
List the prime factors of 27403.
67, 409
List the prime factors of 6516.
2, 3, 181
List the prime factors of 57997.
59, 983
List the prime factors of 4593.
3, 1531
What are the prime factors of 1538?
2, 769
What are the prime factors of 1080?
2, 3, 5
What are the prime factors of 11958?
2, 3, 1993
What are the prime factors of 11160?
2, 3, 5, 31
List the prime factors of 190.
2, 5, 19
List the prime factors of 55768.
2, 6971
What are the prime factors of 11227?
103, 109
List the prime factors of 42632.
2, 73
List the prime factors of 27249.
3, 31, 293
List the prime factors of 16261.
7, 23, 101
List the prime factors of 6684.
2, 3, 557
What are the prime factors of 828?
2, 3, 23
List the prime factors of 31051.
31051
What are the prime factors of 1673?
7, 239
List the prime factors of 125453.
125453
List the prime factors of 13381.
13381
What are the prime factors of 1848?
2, 3, 7, 11
What are the prime factors of 1590?
2, 3, 5, 53
What are the prime factors of 4092?
2, 3, 11, 31
List the prime factors of 530.
2, 5, 53
List the prime factors of 994.
2, 7, 71
List the prime factors of 3117.
3, 1039
List the prime factors of 3394.
2, 1697
List the prime factors of 1208.
2, 151
What are the prime factors of 1479?
3, 17, 29
List the prime factors of 53.
53
List the prime factors of 6519.
3, 41, 53
List the prime factors of 5911.
23, 257
What are the prime factors of 7647?
3, 2549
What are the prime factors of 8287?
8287
What are the prime factors of 67573?
11, 6143
List the prime factors of 3288.
2, 3, 137
What are the prime factors of 50165?
5, 79, 127
List the prime factors of 19514.
2, 11, 887
List the prime factors of 9393.
3, 31, 101
List the prime factors of 45873.
3, 1699
What are the prime factors of 983?
983
List the prime factors of 1015.
5, 7, 29
What are the prime factors of 1757?
7, 251
List the prime factors of 27054.
2, 3, 167
What are the prime factors of 53114?
2, 26557
What are the prime factors of 2615?
5, 523
List the prime factors of 3310.
2, 5, 331
List the prime factors of 48977.
17, 43, 67
What are the prime factors of 61175?
5, 2447
List the prime factors of 6149.
11, 13, 43
What are the prime factors of 4143?
3, 1381
What are the prime factors of 6917?
6917
List the prime factors of 19638.
2, 3, 1091
What are the prime factors of 215?
5, 43
What are the prime factors of 40?
2, 5
What are the prime factors of 11086?
2, 23, 241
What are the prime factors of 35889?
3, 7, 1709
List the prime factors of 3061.
3061
What are the prime factors of 1542?
2, 3, 257
What are the prime factors of 11?
11
What are the prime factors of 20202?
2, 3, 7, 13, 37
List the prime factors of 5183.
71, 73
List the prime factors of 867.
3, 17
List the prime factors of 60194.
2, 30097
List the prime factors of 12452.
2, 11, 283
List the prime factors of 1038.
2, 3, 173
List the prime factors of 427.
7, 61
What are the prime factors of 3360?
2, 3, 5, 7
List the prime factors of 7550.
2, 5, 151
What are the prime factors of 20672?
2, 17, 19
What are the prime factors of 14393?
37, 389
What are the prime factors of 2205?
3, 5, 7
What are the prime factors of 171?
3, 19
What are the prime factors of 561?
3, 11, 17
List the prime factors of 5879.
5879
What are the prime factors of 8038?
2, 4019
List the prime factors of 534.
2, 3, 89
What are the prime factors of 90012?
2, 3, 13, 577
List the prime factors of 1588.
2, 397
What are the prime factors of 13809?
3, 4603
What are the prime factors of 967?
967
What are the prime factors of 16617?
3, 29, 191
List the prime factors of 50332.
2, 12583
List the prime factors of 124126.
2, 53, 1171
List the prime factors of 362.
2, 181
What are the prime factors of 28483?
7, 13, 313
List the prime factors of 30559.
30559
List the prime factors of 46336.
2, 181
List the prime factors of 19969.
19, 1051
What are the prime factors of 23831?
23831
What are the prime factors of 1226?
2, 613
What are the prime factors of 17920?
2, 5, 7
What are the prime factors of 4972?
2, 11, 113
List the prime factors of 1646.
2, 823
List the prime factors of 36036.
2, 3, 7, 11, 13
What are the prime factors of 44015?
5, 8803
List the prime factors of 1286.
2, 643
What are the prime factors of 1565?
5, 313
What are the prime factors of 4966?
2, 13, 191
What are the prime factors of 1079?
13, 83
List the prime factors of 1849.
43
List the prime factors of 16956.
2, 3, 157
List the prime factors of 1067.
11, 97
List the prime factors of 50289.
3, 16763
What are the prime factors of 24994?
2, 12497
List the prime factors of 3309.
3, 1103
What are the prime factors of 46388?
2, 11597
What are the prime factors of 12291?
3, 17, 241
List the prime factors of 36324.
2, 3, 1009
What are the prime factors of 126235?
5, 25247
List the prime factors of 19152.
2, 3, 7, 19
List the prime factors of 7159.
7159
What are the prime factors of 6669?
3, 13, 19
What are the prime factors of 2517?
3, 839
What are the prime factors of 65458?
2, 23, 1423
What are the prime factors of 76?
2, 19
List the prime factors of 16903.
16903
What are the prime factors of 1359?
3, 151
What are the prime factors of 55571?
61, 911
What are the prime factors of 6642?
2, 3, 41
What are the prime factors of 29643?
3, 41, 241
What are the prime factors of 15124?
2, 19, 199
List the prime factors of 1160.
2, 5, 29
What are the prime factors of 75540?
2, 3, 5, 1259
List the prime factors of 1177.
11, 10